et k be (-2 - -1)*(-3 + 1). Let b(p) be the first derivative of 46*p**2 - 5*p - 1409. Is b(k) a composite number?
False
Let v(i) = 10954*i**2 + 4*i - 49. Is v(5) prime?
True
Let u = -127978 - -225321. Is u a prime number?
False
Suppose 5*c = 64594 + 7331. Let o be 3 + (-8)/(40/c). Is o/4*(5 + 102/(-18)) a prime number?
True
Suppose -9 - 3 = -4*z, 5*z = 5*g - 4445. Let c = g + -425. Is c composite?
False
Is 92173*(2*1/4)/(142/284) prime?
True
Let x(z) = -44019*z + 2264. Is x(-33) a prime number?
True
Let j = -11 - -15. Suppose -3*o + 0*o - 4*b + 11 = 0, -5*o = -j*b - 29. Suppose 3*q - 249 = -w - 26, w - 223 = o*q. Is w composite?
False
Let l(i) = 2*i + 3. Let p be l(0). Suppose -f = -0*f - 4, -3*g = -p*f - 18. Suppose 0 = -5*d + 5 + g. Is d composite?
False
Is -1*(11 + -2) - -2 - -62900 a prime number?
False
Let f(g) = -22520*g - 913. Is f(-9) composite?
False
Suppose 0 = 178*k - 87*k - 92*k + 125863. Is k prime?
True
Let d(b) = -332*b. Let n be d(-6). Suppose x - 4*s = n, -4*x - s + 8036 = -0*x. Let g = x - 1307. Is g a composite number?
False
Let t = 3275 + 128916. Is t a composite number?
True
Let l = -17 - -21. Suppose 7 = l*i - 3*i - 4*o, -5*i + 5*o + 20 = 0. Suppose z + 97 = i*z + u, 0 = 2*z + 5*u - 117. Is z a prime number?
False
Let a be 36/(-81) - 34656/27. Let v = a + 719. Let r = -186 - v. Is r prime?
True
Let l = -1667 + 5268. Is l a composite number?
True
Let k(w) = -w**3 + 14*w**2 + 11*w + 70. Let a be k(15). Suppose 4*b - a*t + 13*t = 1301, 0 = 4*b - 5*t - 1277. Is b composite?
True
Let x = -85 - -89. Suppose 2*r + 3*l - 14 = r, 0 = -3*r - x*l + 22. Suppose 3*o + 3*a = 2220, -o + 3*a + 750 = r*a. Is o a composite number?
True
Let b(x) = 30 + 76*x - 15 - 14. Let f be b(-3). Let w = f - -376. Is w a prime number?
True
Let g(d) = -402*d + 155. Let w(x) = x - 1. Let z(i) = g(i) - 6*w(i). Is z(-9) a composite number?
False
Let h = 10441 - 1707. Suppose 10 = 5*y, 7*m - 3*m = -y + h. Is m a prime number?
False
Let u = 2557 - -2824. Is u composite?
False
Let s = -473 + 508. Suppose -s*y = -29*y - 11082. Is y a composite number?
False
Let b(y) = y - 2. Let i be b(4). Let o be 2/(-5) - (-368339)/85. Suppose -o = p - i*p. Is p a prime number?
False
Suppose 4*x + 136 = 5*w, -3*w + 10*x + 76 = 9*x. Let z(t) = 21*t**2 - 26*t - 103. Is z(w) prime?
True
Let h be (-42)/(-12)*40/(-14). Is ((-209)/2)/11*h a composite number?
True
Let a(t) = -9865*t + 1617. Is a(-8) prime?
True
Let i = -22682 + 9845. Let n = -6914 - i. Is n prime?
True
Suppose -3*d = 4*c - 6, -6*c + d = -c - 17. Suppose -c*p - 12 + 57 = 0. Let r(h) = 18*h - 33. Is r(p) a composite number?
True
Let g = 253860 + -138883. Is g prime?
False
Let v = 29495 + -1414. Is v a prime number?
True
Let n(q) = q**2 - 18*q - 36. Let y be n(-18). Let l = -97 + -222. Let p = l + y. Is p composite?
False
Suppose 5*o - 4*h = -4132, -2*h + 1691 = -2*o + 39. Let q be 1393/(-3)*15/5. Let r = o - q. Is r a prime number?
False
Let w be 9/(-12) + 262/8. Let z be -4*(-4)/w*6*1. Suppose 5*x - 2*v - 894 = 0, z*v - 2*v + 2 = 0. Is x a prime number?
False
Let g = -823806 - -1642439. Is g a prime number?
False
Let n be (2 + -637)*(11/(-5) + -1). Let f = n - 2994. Let z = f + 2071. Is z prime?
True
Let p(g) = -g**2 - 7*g - 5. Let i be p(-2). Let j(y) = 4*y**3 + 4*y**2 + 13*y - 30. Is j(i) a prime number?
False
Let q be -2058 + (-27)/(-9) + (-2)/(-1). Is (q/(-4))/((-4)/(-16)) a composite number?
False
Suppose 4*a - 12 = 5*a. Let m be (8*2)/(3/(a/(-2))). Suppose 0 = -5*v + 367 - m. Is v a prime number?
True
Let f = 82482 - 44285. Is f a prime number?
True
Let m(u) = u**3 - 2*u**2 - 9*u. Let g be m(4). Is (42/(-63))/(g/20946) a prime number?
True
Let q(f) be the third derivative of -f**6/120 - 29*f**5/60 - 43*f**4/24 - 7*f**3/6 + 4*f**2 + 5. Is q(-28) prime?
False
Suppose 0 = -62*v - 63*v + 566875. Is v a composite number?
True
Let o(x) = 16940*x - 811. Is o(12) composite?
True
Let g(s) = 3*s**3 + 2*s**2 + 2*s - 2. Let o be g(1). Suppose -882 = -o*k + 2788. Is k a composite number?
True
Let w = 817314 + 943105. Is w a prime number?
True
Let o = 1431 - 741. Suppose -2*t + t = -3, i - o = 5*t. Suppose -3*y + i = 4*w, 5*w + 254 + 451 = 3*y. Is y a prime number?
False
Let n(a) = a**3 + 15*a**2 + 20*a + 87. Let j be n(-14). Is 3/(-2)*(-164)/j a composite number?
True
Let i(n) = -1573*n + 32. Let r be (-18)/(-12)*1*(2 + -4). Is i(r) composite?
False
Let u = -83 + 1318. Suppose -236 = 9*v - u. Is v a composite number?
True
Suppose -2*w + 54 = 5*h, -60 = -2*w + h - 3*h. Let g = 63 - w. Is (-3163)/2*(g - 33) a prime number?
True
Is (9/45)/(144296/288590 + 1/(-2)) a composite number?
True
Let s = 31 + -19. Suppose -s*l - 39568 = -20*l. Is l a composite number?
True
Let w(b) = 8684*b + 4465. Is w(11) composite?
False
Suppose 0 = 20*t - 26116 - 531904. Is t a composite number?
False
Suppose -3*i = -6*t + t - 4, -2*i + 5 = -t. Is (-10)/(4405/(-1465) + i) a prime number?
False
Let f(l) = -687*l + 2. Let r be 2*((-72)/16)/(2/6). Let v = r + 26. Is f(v) prime?
False
Let k = 72 + -67. Suppose -k*j + 0*h = -3*h, 5*j = -3*h. Suppose -3*y - 12 = 0, -u - 5*y + 1973 = -j*u. Is u a composite number?
False
Suppose -3*v + g = -2*v + 1, 0 = -2*v - g + 13. Let u = 153 - 154. Is v/u + 1623 + 0 prime?
True
Is 204832 + -85 + (-1 - -1) + 2 a composite number?
False
Suppose 0*b = -10*b + 92600. Suppose s - 737 - 1096 = -4*u, u = -5*s + b. Is s a prime number?
False
Let b(m) = -m**2 + 16*m - 10. Let c be b(15). Suppose -2*u = 5*x + 1185, x + 27 + 187 = -c*u. Let l = x - -1298. Is l composite?
True
Suppose 0 = 101*j - 197*j + 120366048. Is j prime?
False
Let h(q) = -11*q**3 + 17*q**2 - 19*q - 1. Let j be (18/30)/((-3)/60*-2). Let a(n) = -5*n**3 + 9*n**2 - 10*n - 1. Let s(g) = j*h(g) - 13*a(g). Is s(-21) prime?
False
Let h(v) = -72685*v - 1156. Is h(-3) composite?
False
Is (-57 - -63 - (-9373)/3)/(1/3) composite?
False
Suppose 4*w - 175691 = -3*r + 6*w, 2*r + 5*w - 117159 = 0. Is r composite?
False
Let v = -459 + 826. Suppose -8*r + 3367 = v. Is -1 - (r*2)/(-3) prime?
False
Let j(b) = -2*b**3 - 3*b**2 - 2*b - 1. Let n be j(-1). Suppose 15*h - 50402 - 4483 = n. Is h a prime number?
True
Suppose 3*b - 14 = i, 8*b + i - 10 = 7*b. Is (-2)/b - (-149305)/30*4 a composite number?
True
Let h(s) = -32*s**3 - 24 + 11 - 5*s + 31*s**3 + 13*s**2. Let v = 12 + 0. Is h(v) a prime number?
True
Let o be (1 - 4)/((-2278)/1138 - -2). Let w = 4798 - o. Is w prime?
False
Let l = -143 + -482. Let a = l - -2314. Is a prime?
False
Suppose -6*n + 12*n - 10*n + 34004 = 0. Is n a prime number?
True
Let h(i) = i**3 - 9*i**2 + 3*i - 24. Let j be h(9). Let l(m) = 1357*m**2 - 13*m + 29. Is l(j) prime?
True
Let w be 2 - (4 - 4/2). Let u(j) be the second derivative of -j**4/12 + j**3/6 + 415*j**2/2 - 462*j. Is u(w) prime?
False
Let x = 213430 + -75191. Is x composite?
False
Let x be 6892 + (-15)/(-20)*4. Suppose 2*c + 4*d - 6874 = 0, 2*c = -7*d + 10*d + x. Is c composite?
True
Let c(a) = 520*a**2 + 47*a + 212. Is c(-17) a composite number?
True
Suppose 16862 - 5822 = 4*f. Suppose 5894 + f = 2*s. Is s prime?
True
Let b(y) = -2908*y + 27. Let r be b(-1). Let n = -116 + r. Is n prime?
True
Let l(o) = 4*o**2 - 29*o + 6. Let i be l(7). Is ((i - 0) + -2)*(-464 - -3) a prime number?
False
Let q = 160 + -160. Suppose q = 12*r - 253087 - 20597. Is r prime?
True
Is 7 - (18 - 12) - (-67404)/2 prime?
True
Suppose 3*c + 7 = 19. Let s(p) = 2*p**3 - p**2 - 3*p + 2. Let t be s(1). Suppose 4*b - 3196 = -c*v, -8 = -4*b - t*b. Is v composite?
False
Let k = -56760 - -101323. Is k a composite number?
False
Suppose -3*z + 7*z + 6*z - 3233630 = 0. Is z a composite number?
True
Let d = 869147 + -608269. Is d a prime number?
False
Suppose -g - 5*r + 23 = 0, -g = -5*r - 11 + 28. Suppose -5*y - g*d - 38 = 0, 5*d = 6 + 14. Is 418*(5/y + 1) prime?
False
Let m = -26859 + 201892. Is m prime?
False
Suppose 0 = 5*s - 20, 3*x - 3*s + 12 = -0*s. Let b be 5 - 2 - (9 - x) - -3. Is (b/(-12))/((-5)/(-7940)) prime?
True
Let s be (25/10 + -3)/((-2)/(-1980)). Let k(y) = -13*y**3 - y**2 + 4*y - 2. Let c be k(3). Let q = c - s. Is q composite?
True
Let m(q) = 13*q**2 + 25*q + 28. Let w be m(-18). Suppose 0 = -5*k + 15*k - w. Is k a composite number?
False
Is ((-9)/36 + 3/3)/(31/270196) a composite number?
True
Let g(q) = 2